= -d - 20. Is 3/(-1 + p)*-35 a prime number?
False
Let v be 204/54 + 4/18. Suppose 232 = v*t - f, -t - 5*f = -37 - 21. Let m = -23 + t. Is m prime?
False
Suppose 14*h - 11*h - 9 = 0. Is (3/9)/(h/1431) prime?
False
Is 4050/16 + 7/(-56) prime?
False
Let s(o) = 53*o - 26. Is s(8) a prime number?
False
Let t(l) = 115*l**2 + 3*l - 3. Let f(y) = -346*y**2 - 8*y + 8. Let i(k) = -4*f(k) - 11*t(k). Is i(1) prime?
False
Suppose -2*o + 5*i = o - 659, 1121 = 5*o + 3*i. Is o a prime number?
True
Let i be ((0/2)/1)/(-2). Suppose -4*r = r - 10. Is 1*(17 - (i + r)) prime?
False
Let k(g) = -g**3 - 6*g**2 + 4*g - 2. Suppose -6 = l + 1. Is k(l) composite?
False
Let i be 3 + (2 - (4 - 3)). Let a = 157 - 79. Suppose 0 = i*d + 5*t - 152, -3*t = 3*d - d - a. Is d a composite number?
True
Suppose 191 = -4*n + 635. Is n composite?
True
Let l be (2*-1)/((-2)/3). Let v(d) = -16*d - 7. Let f(p) = 49*p + 20. Let q(s) = 6*f(s) + 17*v(s). Is q(l) composite?
False
Let l = 33 + 8. Let g(x) = -5*x + 3. Let n be g(5). Let t = l + n. Is t prime?
True
Let o = 37 + -22. Suppose 5*s = -0 - o, -z + 4*s + 105 = 0. Is z a composite number?
True
Let d = -4 + 8. Let o = d + 1. Suppose -o*j + 93 = 2*l, 4*l - 166 = -3*j + 27. Is l a composite number?
True
Let c be -5*(3 - (-24)/(-10)). Is (-60)/3*-4 + c composite?
True
Let s(z) = -36*z**3 + 3*z**2 + 4*z + 3. Is s(-2) a composite number?
True
Let x(v) = v - 2. Let o be x(4). Suppose o*h - 6*h = -3*d, -4*d = 2*h. Is (-2)/(h + (-6)/93) composite?
False
Suppose 3*t + 0*t = 0. Suppose t = -3*c + 4 - 16. Is (-218)/(-6) - c/6 prime?
True
Suppose 0 = -4*r + 5*f + 3667, 4*r = f + 2315 + 1340. Is r prime?
False
Let a(k) = 94*k**2 - 2*k - 1. Is a(3) prime?
True
Let t(o) = o**3 + o**2 + o. Let b(f) = -617*f**3 + 5*f**2 + 5*f. Let a(m) = b(m) - 6*t(m). Is a(-1) a composite number?
True
Suppose 3*k = -0*k. Suppose k = -4*d + 62 - 10. Is d prime?
True
Let b(q) = 67*q - 13. Is b(6) a composite number?
False
Is (-1)/3 + (6510/(-9))/(-7) composite?
False
Let c be (-6 - -3)/(-6)*668. Let k(v) = 29*v**3 + 2*v**2 - 2*v - 1. Let y be k(-2). Let o = c + y. Is o composite?
False
Suppose 3 = -4*d - t + 25, -3*t = 2*d - 16. Let c = d - 2. Is (2/c)/(8/252) a composite number?
True
Let c(h) = 7*h - 7. Is c(3) composite?
True
Let m = 558 + -271. Is m composite?
True
Suppose 5*t = 33 - 13. Suppose -83 = -t*g + 77. Is g/12 + (-2)/6 prime?
True
Is (-500 - 5)*(-1 - 0) a composite number?
True
Suppose a - 6*a + 3 = 4*r, 3*r = 5*a + 11. Let i be (-3 - -4) + (a - 0). Is i/2 - (-78)/2 prime?
False
Let h be (2 - 3)*(1 + -24). Let k = -151 - -243. Suppose 3*f - k = -h. Is f prime?
True
Let d(x) = x**2 + 3*x + 2. Let s be d(-3). Suppose -149 = -s*i - 43. Is i prime?
True
Let r(j) be the first derivative of 95*j**2/2 + 7*j - 1. Let l(z) = 143*z + 10. Let g(h) = -5*l(h) + 7*r(h). Is g(-1) a composite number?
True
Suppose -304 = -t + 1281. Is t a composite number?
True
Suppose -3*f = 6*u - u + 13, u + 1 = f. Is 7/2 + (-1)/u composite?
True
Let b = 15 + -10. Suppose 130 + 34 = 4*u. Suppose -b - u = -2*c. Is c composite?
False
Let s(g) = -g**2 - 8*g - 11. Let i(t) = -2*t**2 - 17*t - 23. Let w(o) = 4*i(o) - 9*s(o). Suppose -z = z + 12. Is w(z) composite?
False
Suppose 5*x - 25 + 0 = 0. Suppose 273 = x*v + 78. Is v a prime number?
False
Let w = 155 + 240. Is w a composite number?
True
Suppose -3*q = 3*l + l - 2, 0 = 3*q + 5*l - 4. Is 1/q*34*-2 a prime number?
False
Suppose -4*o + 0*o = -12. Let x(n) = 1 + 8*n - 4 - 4*n + n**o. Is x(4) a composite number?
True
Suppose 10*o + 5106 = 16*o. Is o composite?
True
Let i be 6/4*(-8)/(-6). Let p(g) = i*g + 1 - 10*g - 29*g. Is p(-4) a prime number?
True
Let z(n) = -n**2 + 6*n + 18. Is z(8) a prime number?
True
Is (-3834)/(-36) + 1/(-2) prime?
False
Suppose 0 = 5*d - 3*r + 19, -5*d - 2*r + 1 - 5 = 0. Let h be ((-414)/(-3))/1 - d. Suppose -h = -4*a - 0*a. Is a prime?
False
Let n = -93 - -198. Suppose -b + 3 = 0, 0*b = -3*w - 4*b + n. Is w composite?
False
Let x(j) = -j**2 + 2*j - 6. Let n be x(-5). Let q = -28 - n. Suppose 20 = 3*f - q. Is f composite?
False
Let l(w) = 22*w**2 + 3*w - 3. Let t be l(3). Suppose 3*y = 2*y + t. Suppose y + 8 = 4*j. Is j a composite number?
False
Let h = 9 - 7. Suppose 0 = h*y - 4*y + 12. Is y prime?
False
Let s(o) = 25*o**2 - 5*o - 5. Let n be s(-4). Suppose 3*r - 783 = 105. Let q = n - r. Is q a composite number?
True
Suppose 2*g + 635 = 3*g. Is g a composite number?
True
Let y be (2 - 21/6)*-158. Let h = y + -88. Is h a prime number?
True
Let p(i) = -9*i**2 - 3. Let v(q) = 4*q**2 + 1. Let f(w) = -6*p(w) - 13*v(w). Is f(6) a composite number?
True
Let o(z) = -30*z**2 - 3*z - 2. Let u be o(-2). Let f = u - -193. Is f a prime number?
False
Let l be (-36)/(-10) + 2/5. Let n be 1038/24 + 3/l. Suppose -121 = -5*c + n. Is c composite?
True
Let l(x) = -x**2 + 4*x + 2. Let t be l(5). Let a(u) = 10*u**2 - 4*u - 3. Let m(o) = -10*o**2 + 3*o + 2. Let f(r) = t*a(r) - 4*m(r). Is f(1) composite?
False
Let k(n) = -n**2 - 8*n - 5. Let s be k(-7). Suppose 5*b + 147 = -3*w, s*w - 7*w - 255 = 5*b. Is ((-2)/4)/(3/w) prime?
False
Let q = 32 + -13. Is q a composite number?
False
Let r = -6 + 6. Suppose r = 3*j - j - 12. Suppose -95 = l - j*l. Is l composite?
False
Let b be (1 + -2)/(2/(-18)). Let v = -45 + b. Is (v - -2)/(4/(-10)) prime?
False
Let m(l) = -l**2 - 8*l - 8. Let r be m(-8). Is ((-10)/r)/((-3)/(-804)) prime?
False
Suppose 274 = 3*a - 443. Is a a prime number?
True
Let x(d) = -d**2 + d + 1. Let p(j) = -j**3 - 14*j**2 + 4*j + 1. Let k(n) = -p(n) + 3*x(n). Let u = -15 - -4. Is k(u) a composite number?
False
Suppose 2*a + 1 - 9 = 0. Suppose 4*p = t - 31 + a, -71 = -3*t + 2*p. Is t a composite number?
False
Suppose 5*r + 2*a - 1105 = 0, 2*r = -r + a + 674. Is r a composite number?
False
Let x(l) = -1. Let m(r) = -r + 5. Let n(a) = a - 4. Let f(h) = -2*m(h) - 3*n(h). Let k(p) = 2*f(p) + 5*x(p). Is k(-5) composite?
True
Let x(d) be the third derivative of -d**5/60 - 3*d**4/8 - 2*d**3/3 + 3*d**2. Let p be x(-6). Let h = -3 + p. Is h a composite number?
False
Suppose -4*i - i = 0. Suppose i = -0*o - 2*o + 838. Is o a prime number?
True
Let v(q) = 370*q + 1. Suppose -x = m - 4*x - 1, 1 = m + 5*x. Is v(m) prime?
False
Let b = 354 + -196. Let u be (1 + -2 + 72)*1. Let z = b - u. Is z a composite number?
True
Let l(a) = -12*a - 4. Let p(i) = -12*i - 3. Let m(t) = 2*l(t) - 3*p(t). Is m(2) prime?
False
Suppose -4*c = 4*r - 160, c - 2*r = r + 28. Let h = c - 0. Is h prime?
True
Suppose 2*p + 3*l = 17, 0 = -3*p - 0*l - 3*l + 21. Suppose 2*h = 7*h. Suppose -j = p*o - 115, j - 6*j - o + 575 = h. Is j a composite number?
True
Suppose 5*l = l + 2*t + 802, -3*l = -t - 604. Is l a prime number?
False
Suppose d - 12 = -3*d. Is (1/d)/(1/39) prime?
True
Let l = 230 + -73. Is l prime?
True
Suppose k = 2*c - 4*c + 776, -c = 2*k - 394. Let v be c + (-1)/(1/(-3)). Suppose -2*p - 625 = -5*o, 2*o + 5*p = v - 110. Is o a composite number?
False
Suppose 4*r = 4*c + 21 - 5, 0 = 3*c + 2*r - 8. Suppose 4*z + 5*l = 70, c = l + 5 - 3. Is (22/(-8))/((-1)/z) a prime number?
False
Let q = -1244 - -2133. Is q prime?
False
Suppose 5*n - 20 = 0, 0*g - 2*n + 4 = 2*g. Suppose -3*t = -3*i - 231 - 381, -843 = -4*t - 5*i. Is t/6 + g/(-4) a composite number?
True
Suppose 3*n + 2 = -h, -3*n + 0*n = -3*h + 6. Let t = 2 - h. Let q(v) = 89*v**2. Is q(t) prime?
True
Let u(k) = -369*k - 1. Is u(-2) prime?
False
Let p be ((-3)/(-3) - 4)*-3. Suppose 0 = h - 14 - p. Is h composite?
False
Let h(k) = k**2 - k - 4. Let x be h(3). Suppose u = 5*u - 748. Suppose 3*y + 5*w + 56 - u = 0, x*w = y - 29. Is y a composite number?
False
Suppose -5*y - 6 = -56. Let h(a) = a**3 + 3*a**2 - 4. Let d be h(7). Is 2/5 + d/y prime?
False
Suppose -4*j + 2*s + 673 + 243 = 0, 3*s - 474 = -2*j. Suppose -g = -4*r + j, 3*g + 66 = -0*r + r. Is r a composite number?
True
Let a(w) = 11*w**2 + 1. Let m be a(2). Let d = 85 - 83. Suppose -4*r + 5*y + m = -d*r, 5*r - 4*y = 70. Is r a composite number?
True
Let n = -1 - 2. Let p = 6 + -3. Is (n/(-1))/(p/21) composite?
True
Let h(d) = -d**2 + 9*d + 2. Let n be h(9). Suppose 0*f - 50 = n*f. Is (-2)/(-3) - f/3 a composite number?
True
Let h(y) = -11*y**3 - y**2 - y. Let k = 24 - 25. Is h(k) prime?
True
Suppose 0 = -k + 4*k + 18. Let f(n) = 3*n + 2*n + 3 - 2*n + 3*n